2 + (c - 6)) is divided by 9?
4
Calculate the remainder when 2653 - (-8 - (3 + -1) - -22) is divided by 528.
1
Suppose d = -d + 4*w + 22, 4*d = 3*w + 19. Suppose 5*o = -3*b + 73, 2*b - 359*o = -358*o + 79. What is the remainder when b is divided by ((-14)/(-8))/(d/8)?
8
Let z(q) = 3*q - 2. Let t be 17*29 + (42 - 37). Let b = 521 - t. What is the remainder when b is divided by z(5)?
10
Calculate the remainder when ((-357)/(-68))/(7/(-84)*1/(-16)) is divided by 504.
0
Let x(j) = -j**3 + 11*j**2 - j + 83. What is the remainder when 1077 is divided by x(11)?
69
Suppose 6*d - d - 4*o = 49, 5*d + 5*o = 40. What is the remainder when 91 is divided by (d/(-2))/(69/(-368))?
19
Let b = -175 - -100. Let x = 166 + b. Suppose -12*n = -11*n - 24. Calculate the remainder when x is divided by n.
19
Suppose 4*g + 33 = z + 2*z, -5*z - g + 55 = 0. What is the remainder when ((-2)/(54/(-45)))/((-40)/(-2736)) is divided by z?
4
Let g(t) = -20*t + 2569. Calculate the remainder when g(94) is divided by 171.
5
Let c = 17569 + -13991. What is the remainder when c is divided by 179?
177
Suppose -5*f + 137 = 3*g, 13*g - 160 = 9*g - f. Suppose -2*s + 745 + 579 = 0. What is the remainder when s is divided by g?
38
What is the remainder when 680 is divided by -13 + 14322/(-20 + 41)?
11
Let d(f) = f**3 + 22*f**2 + 29*f + 279. What is the remainder when d(-21) is divided by 14?
13
Suppose 106*g - 104*g + 5*s = 81, -5*g + 2*s = -333. What is the remainder when 5853 is divided by g?
57
Suppose 8467 - 10663 = -12*h. Calculate the remainder when h is divided by 96.
87
Suppose -45 = -2*v + 21. Let d = 65 + v. Suppose -h = -4*u - d, -232 = -2*h - 4*u - 0. What is the remainder when h is divided by 38?
34
Let c(j) = -3*j**2 + 94*j + 7. Calculate the remainder when 126 is divided by c(31).
12
Let h be -4*-6*(-5)/60. Calculate the remainder when ((-1)/h)/((-15)/150) + 32 is divided by 16.
11
Suppose 32*n - 29*n - 126 = 0. Let w(b) = -11*b**2 - 155*b + 9. Calculate the remainder when n is divided by w(-14).
19
Let j(w) = 6*w**2 - 4*w - 77. What is the remainder when j(10) is divided by 20?
3
Let b = 3655 + -3629. What is the remainder when 4719 is divided by b?
13
Let x = 127 + -217. Calculate the remainder when 15/2*(-2592)/x is divided by 44.
40
Let b(w) = 41*w**2 - 36*w - 620. Calculate the remainder when b(-23) is divided by 73.
70
Let o(n) be the second derivative of -n**4/6 + 7*n**3/3 - 5*n**2/2 - 14*n + 2. Calculate the remainder when 78 is divided by o(5).
3
Suppose 7*i - 11*i = -2*a - 84, 2*a - i + 99 = 0. Let t = a + 288. What is the remainder when t is divided by 60?
56
What is the remainder when (-2 + 1 - (-15)/20) + (-60066)/(-72) is divided by 103?
10
Suppose 4*a = 5*n - 899, 6*a - 927 = -5*n + 3*a. Calculate the remainder when 383 is divided by n.
17
Suppose -45 = -26*i + 25*i + g, 0 = i - 5*g - 49. Suppose -2*a - 140 = -1278. What is the remainder when a is divided by i?
41
Let g(l) = -18*l - 1. Let z be g(-8). Let j = z - 31. Suppose 140 - 95 = 3*u - 4*m, 4*u = -2*m + 82. What is the remainder when j is divided by u?
17
Calculate the remainder when 648 is divided by (25/(-10))/(10*6/(-2016)).
60
Let c(v) = 100*v - 1849. What is the remainder when 2293 is divided by c(19)?
49
Let p = 54 + -34. Let f(n) = 27*n + 50. Let r be f(-2). What is the remainder when 1400/12 - r/(-6) is divided by p?
16
Suppose 3*z - 184 = 4*o, 166*o - 164*o + 188 = 3*z. Calculate the remainder when 734 is divided by z.
30
Let s = 328 - 325. Suppose 26 = r - 0*r - s*h, 5*r - 90 = 5*h. Calculate the remainder when 91 is divided by r.
7
Let j = 831 - 571. Suppose 5*a = 2*p + 325, -2*a - 4*p = 2*a - j. What is the remainder when 1102 is divided by a?
62
Let a = -21 - -39. Suppose 5*v = 2*n - 980 + 4464, -5*n + 3505 = 5*v. Suppose 0 = -701*u + v*u + 258. Calculate the remainder when u is divided by a.
14
Suppose -2730 = -75*c + 137*c - 72*c. Calculate the remainder when c is divided by 104.
65
Suppose 420*z + 45 = 5*k + 421*z, -2*k - 5*z = -41. What is the remainder when 717 is divided by k?
5
Let h = -7077 - -9109. Calculate the remainder when 4064 is divided by h.
0
Suppose -25*s + 317 = -8. Suppose s*h = 2*t + 11*h - 130, 3*h + 12 = 0. What is the remainder when t is divided by 49?
12
Let j = -1231 + 2120. Calculate the remainder when j is divided by 57.
34
Suppose -3*u = -4*n + 13, -4*u - n - 2 = -10. Let j be u/(-7)*4*28/(-8). What is the remainder when (3/j)/((-39)/(-754)) is divided by 4?
1
Suppose 2487 = -44*a + 36191. Suppose w + 97 = a. Calculate the remainder when w is divided by 48.
45
Let i = 41679 + -41284. Calculate the remainder when 9870 is divided by i.
390
Suppose 5*r - 55 = -5*j, -r = 4 - 8. Let d be (-33)/77 + (-4)/j - -4. Suppose -12*u + d + 93 = 0. Calculate the remainder when 63 is divided by u.
7
Suppose -2*c + 5*c + c + 2*g = 2036, 3*g = 0. Calculate the remainder when c is divided by 154.
47
Let r = 1601 + -1565. Let z = 346 - 211. What is the remainder when z is divided by r?
27
Let l(i) = -880*i - 9658. What is the remainder when 1771 is divided by l(-11)?
11
Suppose -u - 203 = -8*u. Suppose -34*t + u*t + 25 = 0. Suppose t*p = -0*p + 90. What is the remainder when p is divided by 8?
2
Suppose x - 89 = -4*h, 2*h + x = 3*h - 21. Let m(l) = -2*l + 83. Suppose -5*o + 44 = -o. What is the remainder when m(h) is divided by o?
6
Let t = -264 - -268. Calculate the remainder when 391 is divided by t.
3
Suppose -z + 53 = -5*q + 4*q, -2*q + 279 = 5*z. Let i = 120 - 16. Calculate the remainder when i is divided by z.
49
Suppose 163 - 19 = -4*x. Suppose -262 = -6*d - 448. Let a = d - x. What is the remainder when 27 is divided by a?
2
Let t = -45 - -56. Calculate the remainder when (53/(-3))/(t/(-33)) is divided by 14.
11
Let k(w) = 5*w**2 + 5*w - 74. What is the remainder when 207 is divided by k(4)?
25
Suppose 0*i = -i + 37 - 18. Calculate the remainder when 641 is divided by i.
14
Let z = 484 + -469. What is the remainder when 508 is divided by z?
13
Let p(q) = q**3 - 2*q**2. Let t = -10 - -14. Calculate the remainder when p(t) is divided by 616/462 - (-34)/6.
4
Let r = 5898 + -5742. What is the remainder when r is divided by 34?
20
Let w = 29 - 3. Suppose -2*o - 8 = 10*u - 8*u, -o - 16 = 5*u. What is the remainder when w is divided by (28/u*(-12)/(-8))/(-2)?
5
Let c(j) = -j**2 - 15*j + 1. Let x be c(-15). Suppose -20*v - 5*u = -17*v - 113, x = u. Calculate the remainder when 137 is divided by v.
29
Let j = -235 + 256. Let w = 853 - 732. What is the remainder when w is divided by j?
16
Suppose 0 = -4*q + 67 + 681. Suppose 73*r = 77*r - 3*c - 25, -2*c = 4*r - 30. Calculate the remainder when q is divided by r.
5
Suppose 45*y + 21514 = -9986. Let h = -667 - y. What is the remainder when 48 is divided by h?
15
Suppose -3*z - a = -1363, -5 + 0 = a. Suppose 5*d = -20, -4*c - 2*d + 66 = -26. What is the remainder when z/10 + (-4)/(-10) is divided by c?
21
Suppose -2*c - c + 67 = -5*s, 5*s - 4*c = -71. Let w(g) = g**3 + 16*g**2 - 19*g - 36. What is the remainder when w(s) is divided by 71?
68
Let u be 2 + (-5 - 25/(-5)). Suppose 5*c = 5*b + 42 - 177, 102 = 4*b + u*c. What is the remainder when b is divided by 9?
8
Let r be (63/(-24) - -3) + 319/88. Suppose -r*y = -10*y + 72. Calculate the remainder when y is divided by 8.
4
Suppose 5*y = -17 + 37. Let k(q) = -2*q**2 + 17*q - 6. What is the remainder when 297 is divided by k(y)?
27
Let l = -87 + 19. Let b = -52 - l. Calculate the remainder when 31 is divided by b.
15
Suppose -4*u + 1166 = -3*w, 0 = -10*u + 3*w + 2384 + 522. Calculate the remainder when 1750 is divided by u.
10
Suppose 0 = -4*u - 8, 5*y - 3*u = -9 - 15. Calculate the remainder when 61 is divided by ((-100)/6)/(y/18).
11
Suppose 6*t - 190 = 224. Let g = 473 - 459. What is the remainder when t is divided by g?
13
Suppose -u - 5*q + 281 = 0, q = -3*q + 16. Calculate the remainder when u is divided by 33.
30
Suppose 53*w = 46*w + 518 + 3290. Calculate the remainder when w is divided by 81.
58
Let t = 4056 + -3972. Let z be 115/(-9) + 6/(-27). Let f = z + 35. Calculate the remainder when t is divided by f.
18
Suppose 518*s = 577*s - 3481. Calculate the remainder when 252 is divided by s.
16
Let a = 22 + -57. Calculate the remainder when (-20)/a - 1406/(-14) is divided by (